{"id":853,"date":"2020-01-29T15:56:59","date_gmt":"2020-01-29T14:56:59","guid":{"rendered":"http:\/\/berid.de\/?page_id=853"},"modified":"2026-04-17T10:54:19","modified_gmt":"2026-04-17T09:54:19","slug":"konzepte-und-materialien-zur-fruehkindlichen-bildung","status":"publish","type":"page","link":"https:\/\/berid.de\/?page_id=853","title":{"rendered":"Konzepte und Materialien zur fr\u00fchkindlichen Bildung"},"content":{"rendered":"\n<p class=\"has-background-color-background-color has-background\">Im Rahmen der Arbeit der Projektgruppe sind mehrere Materialien entstanden, die hier zur Ver\u00f6ffentlichung freigegeben werden.<\/p>\n\n\n\n<p>Hier finden Sie den jeweils aktuellen Stand des <a href=\"http:\/\/berid.de\/wp-1c7ce-content\/uploads\/2020\/08\/Bedeutung-der-fr\u00c3\u00bchkindlichen-Bildung01.07.2020.pdf\">Konzepts zur fr\u00fchkindlichen Bildung.<\/a><\/p>\n\n\n\n<p><a href=\"http:\/\/berid.de\/wp-1c7ce-content\/uploads\/2020\/01\/KMKAktionsplanEntwicklungsstand012020_1-2.docx\">Aktionsplan zur fr\u00fchkindlichen Bildung aus Januar 2020<\/a> (vorgelegt zur L\u00e4nderkonferenz der Kultusministerkonferenz der Referenten\/ Referentinnen f\u00fcr Fragen der Erziehung und Bildung der Kinder und Jugendlichen aus beruflich reisenden Familien)<\/p>\n\n\n\n<p><a href=\"https:\/\/berid.de\/wp-1c7ce-content\/uploads\/2020\/01\/bwagne01_191202-082847-651.pdf\">Beispiel eines Anmeldebogens (Kirmes Sterkrade 2020) <\/a><\/p>\n\n\n\n<figure class=\"wp-block-image is-resized\"><img loading=\"lazy\" decoding=\"async\" width=\"768\" height=\"1024\" src=\"http:\/\/berid.de\/wp-1c7ce-content\/uploads\/2020\/01\/Fr-Giffey-MLT18-01-2020-768x1024.jpg\" alt=\"\" class=\"wp-image-854\" style=\"width:254px;height:339px\" srcset=\"https:\/\/berid.de\/wp-1c7ce-content\/uploads\/2020\/01\/Fr-Giffey-MLT18-01-2020-768x1024.jpg 768w, https:\/\/berid.de\/wp-1c7ce-content\/uploads\/2020\/01\/Fr-Giffey-MLT18-01-2020-225x300.jpg 225w, https:\/\/berid.de\/wp-1c7ce-content\/uploads\/2020\/01\/Fr-Giffey-MLT18-01-2020.jpg 1904w\" sizes=\"auto, (max-width: 768px) 100vw, 768px\" \/><figcaption class=\"wp-element-caption\">Ehrenpr\u00e4sident Martin Treichel \u00fcberreicht Frau Ministerin Giffey einen Brief zur fr\u00fchkindliche Bildung und Erziehung von Kinder beruflich reisender Familien<\/figcaption><\/figure>\n\n\n\n<p>Auch f\u00fcr Hessen gibt es bereits konkrete Planungen und Hoffnungen:<\/p>\n\n\n\n<p><a href=\"http:\/\/berid.de\/wp-1c7ce-content\/uploads\/2020\/02\/Sozialministerium-Hessen-Anschreiben.docx\">Brief an das Hessische Sozialministerium<\/a> vom 04. April 2019<\/p>\n\n\n\n<p><a href=\"http:\/\/berid.de\/wp-1c7ce-content\/uploads\/2020\/02\/Sozialministerium-hessen-Antwort.pdf\">Antwort des Hessischen Sozialministeriums<\/a> vom 13. August 2019 &nbsp;&nbsp;<\/p>\n","protected":false},"excerpt":{"rendered":"<p>Im Rahmen der Arbeit der Projektgruppe sind mehrere Materialien entstanden, die hier zur Ver\u00f6ffentlichung freigegeben werden. Hier finden Sie den jeweils aktuellen Stand des Konzepts zur fr\u00fchkindlichen Bildung. Aktionsplan zur fr\u00fchkindlichen Bildung aus Januar 2020 (vorgelegt zur L\u00e4nderkonferenz der Kultusministerkonferenz der Referenten\/ Referentinnen f\u00fcr Fragen der Erziehung und Bildung der [&hellip;]<\/p>\n","protected":false},"author":3,"featured_media":0,"parent":0,"menu_order":0,"comment_status":"closed","ping_status":"closed","template":"","meta":{"footnotes":""},"class_list":["post-853","page","type-page","status-publish","hentry"],"_links":{"self":[{"href":"https:\/\/berid.de\/index.php?rest_route=\/wp\/v2\/pages\/853","targetHints":{"allow":["GET"]}}],"collection":[{"href":"https:\/\/berid.de\/index.php?rest_route=\/wp\/v2\/pages"}],"about":[{"href":"https:\/\/berid.de\/index.php?rest_route=\/wp\/v2\/types\/page"}],"author":[{"embeddable":true,"href":"https:\/\/berid.de\/index.php?rest_route=\/wp\/v2\/users\/3"}],"replies":[{"embeddable":true,"href":"https:\/\/berid.de\/index.php?rest_route=%2Fwp%2Fv2%2Fcomments&post=853"}],"version-history":[{"count":12,"href":"https:\/\/berid.de\/index.php?rest_route=\/wp\/v2\/pages\/853\/revisions"}],"predecessor-version":[{"id":995,"href":"https:\/\/berid.de\/index.php?rest_route=\/wp\/v2\/pages\/853\/revisions\/995"}],"wp:attachment":[{"href":"https:\/\/berid.de\/index.php?rest_route=%2Fwp%2Fv2%2Fmedia&parent=853"}],"curies":[{"name":"wp","href":"https:\/\/api.w.org\/{rel}","templated":true}]}}