{"id":346,"date":"2018-06-01T12:06:40","date_gmt":"2018-06-01T11:06:40","guid":{"rendered":"http:\/\/berid.cloudaccess.host\/?page_id=346"},"modified":"2020-02-11T20:33:27","modified_gmt":"2020-02-11T19:33:27","slug":"personen","status":"publish","type":"page","link":"https:\/\/berid.de\/?page_id=346","title":{"rendered":"Personen"},"content":{"rendered":"\n<p>Das vierk\u00f6pfige Pr\u00e4sidium leitet BERiD. Es besteht aus zwei Fachleuten aus dem Schulbereich und zwei Fachleuten aus dem Bereich der beruflich Reisenden. Zur Zeit hat das Pr\u00e4sidium folgende Mitglieder:<\/p>\n\n\n\n<p>Pr\u00e4sident:&nbsp; &nbsp; &nbsp; &nbsp; &nbsp; &nbsp; &nbsp; J\u00fcrgen Hein<\/p>\n\n\n\n<figure class=\"wp-block-image\"><img loading=\"lazy\" decoding=\"async\" width=\"300\" height=\"225\" src=\"http:\/\/berid.de\/wp-1c7ce-content\/uploads\/2018\/09\/IMG_1915-300x225.jpg\" alt=\"\" class=\"wp-image-489\" srcset=\"https:\/\/berid.de\/wp-1c7ce-content\/uploads\/2018\/09\/IMG_1915-300x225.jpg 300w, https:\/\/berid.de\/wp-1c7ce-content\/uploads\/2018\/09\/IMG_1915-768x576.jpg 768w, https:\/\/berid.de\/wp-1c7ce-content\/uploads\/2018\/09\/IMG_1915-1024x768.jpg 1024w\" sizes=\"auto, (max-width: 300px) 100vw, 300px\" \/><\/figure>\n\n\n\n<p>Vizepr\u00e4sident:&nbsp;&nbsp;&nbsp;&nbsp;&nbsp;&nbsp;&nbsp;&nbsp; Andreas Horlbeck (DSB)<\/p>\n\n\n\n<figure class=\"wp-block-image\"><img loading=\"lazy\" decoding=\"async\" width=\"300\" height=\"225\" src=\"http:\/\/berid.de\/wp-1c7ce-content\/uploads\/2018\/09\/IMG_1914-300x225.jpg\" alt=\"\" class=\"wp-image-488\" srcset=\"https:\/\/berid.de\/wp-1c7ce-content\/uploads\/2018\/09\/IMG_1914-300x225.jpg 300w, https:\/\/berid.de\/wp-1c7ce-content\/uploads\/2018\/09\/IMG_1914-768x576.jpg 768w, https:\/\/berid.de\/wp-1c7ce-content\/uploads\/2018\/09\/IMG_1914-1024x768.jpg 1024w\" sizes=\"auto, (max-width: 300px) 100vw, 300px\" \/><\/figure>\n\n\n\n<p>Vizepr\u00e4sident:&nbsp; &nbsp; &nbsp; Thomas Zimmermann (Die Etage)<\/p>\n\n\n\n<figure class=\"wp-block-image\"><img loading=\"lazy\" decoding=\"async\" width=\"300\" height=\"225\" src=\"http:\/\/berid.de\/wp-1c7ce-content\/uploads\/2018\/09\/IMG_1917-300x225.jpg\" alt=\"\" class=\"wp-image-491\" srcset=\"https:\/\/berid.de\/wp-1c7ce-content\/uploads\/2018\/09\/IMG_1917-300x225.jpg 300w, https:\/\/berid.de\/wp-1c7ce-content\/uploads\/2018\/09\/IMG_1917-768x576.jpg 768w, https:\/\/berid.de\/wp-1c7ce-content\/uploads\/2018\/09\/IMG_1917-1024x768.jpg 1024w\" sizes=\"auto, (max-width: 300px) 100vw, 300px\" \/><\/figure>\n\n\n\n<p>Vizepr\u00e4sidentin:&nbsp;&nbsp;&nbsp;&nbsp;&nbsp;&nbsp; Sandra Wolf (BSM)<\/p>\n\n\n\n<figure class=\"wp-block-image\"><img loading=\"lazy\" decoding=\"async\" width=\"300\" height=\"225\" src=\"http:\/\/berid.de\/wp-1c7ce-content\/uploads\/2018\/09\/IMG_1919-300x225.jpg\" alt=\"\" class=\"wp-image-492\" srcset=\"https:\/\/berid.de\/wp-1c7ce-content\/uploads\/2018\/09\/IMG_1919-300x225.jpg 300w, https:\/\/berid.de\/wp-1c7ce-content\/uploads\/2018\/09\/IMG_1919-768x576.jpg 768w, https:\/\/berid.de\/wp-1c7ce-content\/uploads\/2018\/09\/IMG_1919-1024x768.jpg 1024w\" sizes=\"auto, (max-width: 300px) 100vw, 300px\" \/><\/figure>\n\n\n\n<p>Ehrenpr\u00e4sident: &nbsp;Martin Treichel<\/p>\n\n\n\n<figure class=\"wp-block-image is-resized\"><img loading=\"lazy\" decoding=\"async\" src=\"http:\/\/berid.de\/wp-1c7ce-content\/uploads\/2019\/04\/1742492836-fb847860-48d1-4f89-ad81-d43cad778da6-34a7-1024x576.jpg\" alt=\"\" class=\"wp-image-787\" width=\"425\" height=\"239\" srcset=\"https:\/\/berid.de\/wp-1c7ce-content\/uploads\/2019\/04\/1742492836-fb847860-48d1-4f89-ad81-d43cad778da6-34a7.jpg 1024w, https:\/\/berid.de\/wp-1c7ce-content\/uploads\/2019\/04\/1742492836-fb847860-48d1-4f89-ad81-d43cad778da6-34a7-300x169.jpg 300w, https:\/\/berid.de\/wp-1c7ce-content\/uploads\/2019\/04\/1742492836-fb847860-48d1-4f89-ad81-d43cad778da6-34a7-768x432.jpg 768w\" sizes=\"auto, (max-width: 425px) 100vw, 425px\" \/><\/figure>\n\n\n\n<p>Ehrenmitglied Helga Sinner<\/p>\n\n\n\n<figure class=\"wp-block-image is-resized\"><img loading=\"lazy\" decoding=\"async\" src=\"http:\/\/berid.de\/wp-1c7ce-content\/uploads\/2020\/02\/Bildschirmfoto-2020-02-05-um-18.13.02-856x1024.jpg\" alt=\"\" class=\"wp-image-894\" width=\"230\" height=\"275\" srcset=\"https:\/\/berid.de\/wp-1c7ce-content\/uploads\/2020\/02\/Bildschirmfoto-2020-02-05-um-18.13.02-856x1024.jpg 856w, https:\/\/berid.de\/wp-1c7ce-content\/uploads\/2020\/02\/Bildschirmfoto-2020-02-05-um-18.13.02-251x300.jpg 251w, https:\/\/berid.de\/wp-1c7ce-content\/uploads\/2020\/02\/Bildschirmfoto-2020-02-05-um-18.13.02-768x919.jpg 768w, https:\/\/berid.de\/wp-1c7ce-content\/uploads\/2020\/02\/Bildschirmfoto-2020-02-05-um-18.13.02.jpg 1302w\" sizes=\"auto, (max-width: 230px) 100vw, 230px\" \/><figcaption><br><\/figcaption><\/figure>\n\n\n\n<p>BERiD-Gesch\u00e4ftsf\u00fchrer ist Rechtsanwalt Frank Hakelberg, DSB, Am Weidendamm 1A, 10117 Berlin. Unter dieser Adresse befindet sich auch der Vereinssitz von BERiD e.V.<\/p>\n\n\n\n<p>Beirat:<\/p>\n\n\n\n<p>Dr. Gerd Bollermann ; Regierungspr\u00e4sident a.D.<\/p>\n\n\n\n<p>Dr. h.c. Alfred Bu\u00df; Pr\u00e4ses em. Ev. Kirche von Westfalen<\/p>\n\n\n\n<p>Prof. Dr. Christian Gleser; P\u00e4dagogische Hochschule Karlsruhe; Institut f\u00fcr Schul- und Unterrichtsentwicklung in der Primar- und Sekundarstufe<\/p>\n\n\n\n<p>Volker Igstadt; Verwaltungsgerichtspr\u00e4sident a.D.<\/p>\n\n\n\n<p>Winfried Jehkul; Ministerialrat a.D.<\/p>\n\n\n\n<p>Wolfram Kuschke; Staatsminister a.D.<\/p>\n\n\n\n<p>BERiD organisiert seine inhaltliche Arbeit mit Hilfe von Projektgruppen und Projektbeauftragten. Projektgruppen entwickeln in der Regel Projektbeauftragungen und werden in der Regel dann vergeben, wenn die Entwicklungsarbeit zu einem Thema abgeschlossen ist und eine kontinuierliche Ansprechbarkeit sichergestellt werden soll. Die BERiD-Projektarbeit gliedert sich wie folgt:<\/p>\n\n\n\n<p>Projektgruppe \u201eFr\u00fchkindliche Bildung\u201c; Koordination: Birgid Oertel<\/p>\n\n\n\n<p>Projektgruppe \u201eBerufliche Bildung von Jugendllichen aus Circussen\u201c;&nbsp;Koordination: Alfred A\u00dfmann<\/p>\n\n\n\n<p>Projetbeauftragter \u201eLernpaten f\u00fcr reisende Kinder\u201c: Rudolf Rosarius<\/p>\n\n\n\n<p>Projektbeauftragte \u201eBildungshotline\u201c: N.N.<\/p>\n\n\n\n<p>Projektbeauftragte&nbsp; \u201eErg\u00e4nzende Lernorte\/Mobile Schulen\u201c: Sandra Wolf<\/p>\n\n\n\n<p>Projektbeauftragte \u201eArbeitskreise\u201c: Helga Sinner<\/p>\n\n\n\n<p>Projektbeauftragter \u201eRegionalisierung\u201c: Andreas Horlbeck<\/p>\n","protected":false},"excerpt":{"rendered":"<p>Das vierk\u00f6pfige Pr\u00e4sidium leitet BERiD. Es besteht aus zwei Fachleuten aus dem Schulbereich und zwei Fachleuten aus dem Bereich der beruflich Reisenden. Zur Zeit hat das Pr\u00e4sidium folgende Mitglieder: Pr\u00e4sident:&nbsp; &nbsp; &nbsp; &nbsp; &nbsp; &nbsp; &nbsp; J\u00fcrgen Hein Vizepr\u00e4sident:&nbsp;&nbsp;&nbsp;&nbsp;&nbsp;&nbsp;&nbsp;&nbsp; Andreas Horlbeck (DSB) Vizepr\u00e4sident:&nbsp; &nbsp; &nbsp; Thomas Zimmermann (Die Etage) Vizepr\u00e4sidentin:&nbsp;&nbsp;&nbsp;&nbsp;&nbsp;&nbsp; [&hellip;]<\/p>\n","protected":false},"author":4,"featured_media":0,"parent":0,"menu_order":0,"comment_status":"closed","ping_status":"closed","template":"","meta":{"footnotes":""},"class_list":["post-346","page","type-page","status-publish","hentry"],"_links":{"self":[{"href":"https:\/\/berid.de\/index.php?rest_route=\/wp\/v2\/pages\/346","targetHints":{"allow":["GET"]}}],"collection":[{"href":"https:\/\/berid.de\/index.php?rest_route=\/wp\/v2\/pages"}],"about":[{"href":"https:\/\/berid.de\/index.php?rest_route=\/wp\/v2\/types\/page"}],"author":[{"embeddable":true,"href":"https:\/\/berid.de\/index.php?rest_route=\/wp\/v2\/users\/4"}],"replies":[{"embeddable":true,"href":"https:\/\/berid.de\/index.php?rest_route=%2Fwp%2Fv2%2Fcomments&post=346"}],"version-history":[{"count":13,"href":"https:\/\/berid.de\/index.php?rest_route=\/wp\/v2\/pages\/346\/revisions"}],"predecessor-version":[{"id":911,"href":"https:\/\/berid.de\/index.php?rest_route=\/wp\/v2\/pages\/346\/revisions\/911"}],"wp:attachment":[{"href":"https:\/\/berid.de\/index.php?rest_route=%2Fwp%2Fv2%2Fmedia&parent=346"}],"curies":[{"name":"wp","href":"https:\/\/api.w.org\/{rel}","templated":true}]}}

<p>Das vierköpfige Präsidium leitet BERiD. Es besteht aus zwei Fachleuten aus dem Schulbereich und zwei Fachleuten aus dem Bereich der beruflich Reisenden. Zur Zeit hat das Präsidium folgende Mitglieder:</p>



<p>Präsident:&nbsp; &nbsp; &nbsp; &nbsp; &nbsp; &nbsp; &nbsp; Jürgen Hein</p>



<figure class="wp-block-image"><img loading="lazy" decoding="async" width="300" height="225" src="http://berid.de/wp-1c7ce-content/uploads/2018/09/IMG_1915-300x225.jpg" alt="" class="wp-image-489" srcset="https://berid.de/wp-1c7ce-content/uploads/2018/09/IMG_1915-300x225.jpg 300w, https://berid.de/wp-1c7ce-content/uploads/2018/09/IMG_1915-768x576.jpg 768w, https://berid.de/wp-1c7ce-content/uploads/2018/09/IMG_1915-1024x768.jpg 1024w" sizes="auto, (max-width: 300px) 100vw, 300px" /></figure>



<p>Vizepräsident:&nbsp;&nbsp;&nbsp;&nbsp;&nbsp;&nbsp;&nbsp;&nbsp; Andreas Horlbeck (DSB)</p>



<figure class="wp-block-image"><img loading="lazy" decoding="async" width="300" height="225" src="http://berid.de/wp-1c7ce-content/uploads/2018/09/IMG_1914-300x225.jpg" alt="" class="wp-image-488" srcset="https://berid.de/wp-1c7ce-content/uploads/2018/09/IMG_1914-300x225.jpg 300w, https://berid.de/wp-1c7ce-content/uploads/2018/09/IMG_1914-768x576.jpg 768w, https://berid.de/wp-1c7ce-content/uploads/2018/09/IMG_1914-1024x768.jpg 1024w" sizes="auto, (max-width: 300px) 100vw, 300px" /></figure>



<p>Vizepräsident:&nbsp; &nbsp; &nbsp; Thomas Zimmermann (Die Etage)</p>



<figure class="wp-block-image"><img loading="lazy" decoding="async" width="300" height="225" src="http://berid.de/wp-1c7ce-content/uploads/2018/09/IMG_1917-300x225.jpg" alt="" class="wp-image-491" srcset="https://berid.de/wp-1c7ce-content/uploads/2018/09/IMG_1917-300x225.jpg 300w, https://berid.de/wp-1c7ce-content/uploads/2018/09/IMG_1917-768x576.jpg 768w, https://berid.de/wp-1c7ce-content/uploads/2018/09/IMG_1917-1024x768.jpg 1024w" sizes="auto, (max-width: 300px) 100vw, 300px" /></figure>



<p>Vizepräsidentin:&nbsp;&nbsp;&nbsp;&nbsp;&nbsp;&nbsp; Sandra Wolf (BSM)</p>



<figure class="wp-block-image"><img loading="lazy" decoding="async" width="300" height="225" src="http://berid.de/wp-1c7ce-content/uploads/2018/09/IMG_1919-300x225.jpg" alt="" class="wp-image-492" srcset="https://berid.de/wp-1c7ce-content/uploads/2018/09/IMG_1919-300x225.jpg 300w, https://berid.de/wp-1c7ce-content/uploads/2018/09/IMG_1919-768x576.jpg 768w, https://berid.de/wp-1c7ce-content/uploads/2018/09/IMG_1919-1024x768.jpg 1024w" sizes="auto, (max-width: 300px) 100vw, 300px" /></figure>



<p>Ehrenpräsident: &nbsp;Martin Treichel</p>



<figure class="wp-block-image is-resized"><img loading="lazy" decoding="async" src="http://berid.de/wp-1c7ce-content/uploads/2019/04/1742492836-fb847860-48d1-4f89-ad81-d43cad778da6-34a7-1024x576.jpg" alt="" class="wp-image-787" width="425" height="239" srcset="https://berid.de/wp-1c7ce-content/uploads/2019/04/1742492836-fb847860-48d1-4f89-ad81-d43cad778da6-34a7.jpg 1024w, https://berid.de/wp-1c7ce-content/uploads/2019/04/1742492836-fb847860-48d1-4f89-ad81-d43cad778da6-34a7-300x169.jpg 300w, https://berid.de/wp-1c7ce-content/uploads/2019/04/1742492836-fb847860-48d1-4f89-ad81-d43cad778da6-34a7-768x432.jpg 768w" sizes="auto, (max-width: 425px) 100vw, 425px" /></figure>



<p>Ehrenmitglied Helga Sinner</p>



<figure class="wp-block-image is-resized"><img loading="lazy" decoding="async" src="http://berid.de/wp-1c7ce-content/uploads/2020/02/Bildschirmfoto-2020-02-05-um-18.13.02-856x1024.jpg" alt="" class="wp-image-894" width="230" height="275" srcset="https://berid.de/wp-1c7ce-content/uploads/2020/02/Bildschirmfoto-2020-02-05-um-18.13.02-856x1024.jpg 856w, https://berid.de/wp-1c7ce-content/uploads/2020/02/Bildschirmfoto-2020-02-05-um-18.13.02-251x300.jpg 251w, https://berid.de/wp-1c7ce-content/uploads/2020/02/Bildschirmfoto-2020-02-05-um-18.13.02-768x919.jpg 768w, https://berid.de/wp-1c7ce-content/uploads/2020/02/Bildschirmfoto-2020-02-05-um-18.13.02.jpg 1302w" sizes="auto, (max-width: 230px) 100vw, 230px" /><figcaption><br></figcaption></figure>



<p>BERiD-Geschäftsführer ist Rechtsanwalt Frank Hakelberg, DSB, Am Weidendamm 1A, 10117 Berlin. Unter dieser Adresse befindet sich auch der Vereinssitz von BERiD e.V.</p>



<p>Beirat:</p>



<p>Dr. Gerd Bollermann ; Regierungspräsident a.D.</p>



<p>Dr. h.c. Alfred Buß; Präses em. Ev. Kirche von Westfalen</p>



<p>Prof. Dr. Christian Gleser; Pädagogische Hochschule Karlsruhe; Institut für Schul- und Unterrichtsentwicklung in der Primar- und Sekundarstufe</p>



<p>Volker Igstadt; Verwaltungsgerichtspräsident a.D.</p>



<p>Winfried Jehkul; Ministerialrat a.D.</p>



<p>Wolfram Kuschke; Staatsminister a.D.</p>



<p>BERiD organisiert seine inhaltliche Arbeit mit Hilfe von Projektgruppen und Projektbeauftragten. Projektgruppen entwickeln in der Regel Projektbeauftragungen und werden in der Regel dann vergeben, wenn die Entwicklungsarbeit zu einem Thema abgeschlossen ist und eine kontinuierliche Ansprechbarkeit sichergestellt werden soll. Die BERiD-Projektarbeit gliedert sich wie folgt:</p>



<p>Projektgruppe „Frühkindliche Bildung“; Koordination: Birgid Oertel</p>



<p>Projektgruppe „Berufliche Bildung von Jugendllichen aus Circussen“;&nbsp;Koordination: Alfred Aßmann</p>



<p>Projetbeauftragter „Lernpaten für reisende Kinder“: Rudolf Rosarius</p>



<p>Projektbeauftragte „Bildungshotline“: N.N.</p>



<p>Projektbeauftragte&nbsp; „Ergänzende Lernorte/Mobile Schulen“: Sandra Wolf</p>



<p>Projektbeauftragte „Arbeitskreise“: Helga Sinner</p>



<p>Projektbeauftragter „Regionalisierung“: Andreas Horlbeck</p>

<p>Das vierköpfige Präsidium leitet BERiD. Es besteht aus zwei Fachleuten aus dem Schulbereich und zwei Fachleuten aus dem Bereich der beruflich Reisenden. Zur Zeit hat das Präsidium folgende Mitglieder: Präsident:&nbsp; &nbsp; &nbsp; &nbsp; &nbsp; &nbsp; &nbsp; Jürgen Hein Vizepräsident:&nbsp;&nbsp;&nbsp;&nbsp;&nbsp;&nbsp;&nbsp;&nbsp; Andreas Horlbeck (DSB) Vizepräsident:&nbsp; &nbsp; &nbsp; Thomas Zimmermann (Die Etage) Vizepräsidentin:&nbsp;&nbsp;&nbsp;&nbsp;&nbsp;&nbsp; [&hellip;]</p>
